hat are the prime factors of 17940964?
2, 109, 41149
What are the prime factors of 10454762?
2, 17, 43, 7151
List the prime factors of 6054172.
2, 1513543
List the prime factors of 35954085.
3, 5, 79, 30341
What are the prime factors of 556032?
2, 3, 181
What are the prime factors of 16404?
2, 3, 1367
What are the prime factors of 3038493?
3, 1012831
What are the prime factors of 1124518?
2, 562259
What are the prime factors of 395394?
2, 3, 65899
List the prime factors of 11514142.
2, 5757071
List the prime factors of 18639859.
7, 131, 20327
What are the prime factors of 6889587?
3, 2296529
What are the prime factors of 73746?
2, 3, 17, 241
List the prime factors of 19278549.
3, 2142061
What are the prime factors of 137408?
2, 19, 113
List the prime factors of 5389847.
5389847
What are the prime factors of 3380650?
2, 5, 7, 13, 743
List the prime factors of 490716.
2, 3, 43, 317
List the prime factors of 1281357.
3, 7, 11, 43
List the prime factors of 1282864.
2, 11, 37, 197
List the prime factors of 15853834.
2, 31, 37, 6911
What are the prime factors of 16535121?
3, 31, 177797
What are the prime factors of 1871312?
2, 29, 37, 109
List the prime factors of 225999.
3, 25111
What are the prime factors of 1208253?
3, 402751
What are the prime factors of 20343315?
3, 5, 1356221
List the prime factors of 10825269.
3, 7, 13, 19, 2087
List the prime factors of 1123384.
2, 140423
What are the prime factors of 771546?
2, 3, 128591
What are the prime factors of 6998196?
2, 3, 173, 3371
List the prime factors of 1263443.
19, 29, 2293
What are the prime factors of 2284037?
7, 6659
List the prime factors of 933355.
5, 186671
List the prime factors of 247230.
2, 3, 5, 41, 67
What are the prime factors of 196844?
2, 49211
List the prime factors of 29190327.
3, 19, 29, 17659
List the prime factors of 1270354.
2, 409, 1553
List the prime factors of 314740.
2, 5, 15737
What are the prime factors of 564382?
2, 7, 13, 443
List the prime factors of 17104316.
2, 29, 147451
List the prime factors of 6657918.
2, 3, 1109653
List the prime factors of 4068441.
3, 13, 67, 173
List the prime factors of 29117013.
3, 9705671
List the prime factors of 18629306.
2, 79, 157, 751
What are the prime factors of 2806483?
23, 122021
List the prime factors of 193642.
2, 96821
List the prime factors of 941937.
3, 313979
List the prime factors of 145082.
2, 7, 43, 241
What are the prime factors of 477994?
2, 11, 21727
What are the prime factors of 193055?
5, 38611
What are the prime factors of 3757467?
3, 7, 25561
What are the prime factors of 3634202?
2, 11, 13, 97, 131
List the prime factors of 5953877.
223, 26699
List the prime factors of 687350.
2, 5, 59, 233
List the prime factors of 21178564.
2, 11, 179, 2689
List the prime factors of 952640.
2, 5, 13, 229
List the prime factors of 452394.
2, 3, 41, 613
What are the prime factors of 3883282?
2, 13, 11489
What are the prime factors of 10420?
2, 5, 521
List the prime factors of 23309606.
2, 11654803
List the prime factors of 788283.
3, 87587
What are the prime factors of 3027148?
2, 53, 109, 131
What are the prime factors of 829590?
2, 3, 5, 27653
What are the prime factors of 193100?
2, 5, 1931
What are the prime factors of 1073947?
7, 153421
What are the prime factors of 4135639?
1553, 2663
List the prime factors of 48570.
2, 3, 5, 1619
What are the prime factors of 1063353?
3, 354451
What are the prime factors of 746657?
17, 167, 263
List the prime factors of 382569.
3, 11, 11593
What are the prime factors of 2677105?
5, 347, 1543
List the prime factors of 18985846.
2, 11, 59, 14627
What are the prime factors of 400658?
2, 200329
List the prime factors of 193314.
2, 3, 11, 29, 101
List the prime factors of 39129.
3, 13043
What are the prime factors of 197643?
3, 65881
List the prime factors of 204399.
3, 13, 1747
What are the prime factors of 25132965?
3, 5, 11, 13, 11717
List the prime factors of 2125363.
911, 2333
List the prime factors of 16799819.
19, 884201
What are the prime factors of 10738120?
2, 5, 29, 9257
What are the prime factors of 93353?
13, 43, 167
List the prime factors of 403238.
2, 11, 18329
List the prime factors of 26351.
13, 2027
List the prime factors of 4496103.
3, 19, 26293
What are the prime factors of 1384519?
53, 151, 173
List the prime factors of 138287.
61, 2267
What are the prime factors of 1066551?
3, 355517
What are the prime factors of 2171856?
2, 3, 45247
List the prime factors of 2511929.
7, 358847
List the prime factors of 2222811.
3, 246979
List the prime factors of 3301603.
3301603
List the prime factors of 140683.
140683
List the prime factors of 1045856.
2, 7, 23, 29
List the prime factors of 692538.
2, 3, 7, 11, 1499
List the prime factors of 3667973.
3667973
What are the prime factors of 16813958?
2, 7, 171571
What are the prime factors of 31505125?
5, 103, 2447
List the prime factors of 1433988.
2, 3, 61, 653
List the prime factors of 6292592.
2, 393287
What are the prime factors of 10022445?
3, 5, 283, 787
What are the prime factors of 694515?
3, 5, 46301
What are the prime factors of 3987930?
2, 3, 5, 307, 433
What are the prime factors of 229724?
2, 11, 23, 227
What are the prime factors of 15805086?
2, 3, 11, 101, 2371
List the prime factors of 386635.
5, 53, 1459
What are the prime factors of 519731?
23, 59, 383
List the prime factors of 277185.
3, 5, 17, 1087
What are the prime factors of 367441?
19, 83, 233
What are the prime factors of 5908705?
5, 11, 53, 2027
List the prime factors of 7085001.
3, 7, 11, 30671
List the prime factors of 440944.
2, 7, 31, 127
List the prime factors of 2610655.
5, 67, 7793
List the prime factors of 10641578.
2, 107, 49727
What are the prime factors of 36095190?
2, 3, 5, 709, 1697
What are the prime factors of 2550943?
53, 48131
What are the prime factors of 488941?
47, 101, 103
List the prime factors of 40156.
2, 10039
List the prime factors of 1698903.
3, 188767
What are the prime factors of 447110?
2, 5, 44711
List the prime factors of 226871.
226871
What are the prime factors of 41148?
2, 3, 127
List the prime factors of 810137.
810137
What are the prime factors of 1258474?
2, 7, 89891
List the prime factors of 1721307.
3, 7, 81967
What are the prime factors of 14964844?
2, 3741211
List the prime factors of 1936470.
2, 3, 5, 17, 3797
What are the prime factors of 3828195?
3, 5, 7, 4051
List the prime factors of 1237519.
1237519
List the prime factors of 3131619.
3, 1043873
What are the prime factors of 106810?
2, 5, 11, 971
List the prime factors of 34236.
2, 3, 317
What are the prime factors of 90309?
3, 30103
List the prime factors of 9595928.
2, 1199491
List the prime factors of 4276763.
4276763
What are the prime factors of 175599?
3, 109, 179
List the prime factors of 62540.
2, 5, 53, 59
List the prime factors of 3311607.
3, 13, 84913
What are the prime factors of 2272732?
2, 7, 11, 47, 157
List the prime factors of 51673.
51673
What are the prime factors of 459833?
11, 17, 2459
List the prime factors of 248562.
2, 3, 4603
What are the prime factors of 419086?
2, 209543
What are the prime factors of 2588210?
2, 5, 67, 3863
What are the prime factors of 1123071?
3, 17, 19, 61
What are the prime factors of 15764069?
1427, 11047
What are the prime factors of 249158?
2, 7, 13, 37
List the prime factors of 21555739.
21555739
What are the prime factors of 32793845?
5, 7, 936967
List the prime factors of 10401968.
2, 19, 34217
List the prime factors of 238938.
2, 3, 7, 5689
List the prime factors of 724847.
724847
What are the prime factors of 8147642?
2, 4073821
What are the prime factors of 1978671?
3, 157, 4201
List the prime factors of 116337.
3, 13, 19, 157
List the prime factors of 2041178.
2, 1020589
What are the prime factors of 3138971?
11, 19, 23, 653
What are the prime factors of 253120?
2, 5, 7, 113
List the prime factors of 2707682.
2, 571, 2371
What are the prime factors of 270612?
2, 3, 7517
What are the prime factors of 76293?
3, 7, 173
What are the prime factors of 3286562?
2, 23, 37, 1931
What are the prime factors of 39344?
2, 2459
List the prime factors of 1493768.
2, 61, 3061
List the prime factors of 42746.
2, 11, 29, 67
List the prime factors of 788278.
2, 29, 13591
What are the prime factors of 503628?
2, 3, 41969
